{"id":1897,"date":"2017-09-22T20:42:50","date_gmt":"2017-09-22T18:42:50","guid":{"rendered":"http:\/\/www.grunwald.zhp.wlkp.pl\/?page_id=1897"},"modified":"2025-01-04T11:36:18","modified_gmt":"2025-01-04T10:36:18","slug":"komenda-hufca","status":"publish","type":"page","link":"http:\/\/www.grunwald.zhp.wlkp.pl\/?page_id=1897","title":{"rendered":"Komenda Hufca"},"content":{"rendered":"<p><strong>Komendant Hufca: phm. Maciej Nowak<\/strong><\/p>\n<p><strong>Zast\u0119pca Komendanta ds. finans\u00f3w: pwd. Cyprian Krawiec<\/strong><\/p>\n<p><strong>Zast\u0119pca Komendanta: phm. Agnieszka Puzio<\/strong><\/p>\n<p><strong>Cz\u0142onek komendy:\u00a0phm. Kinga Zaj\u0105c<\/strong><\/p>\n<p class=\"p1\">W komendzie hufca od 2021 roku. Najlepiej czuje si\u0119 w dzia\u0142aniach zwi\u0105zanych z programem oraz kszta\u0142ceniem. Nale\u017cy do zespo\u0142u Certyfikacji HAL Chor\u0105gwi Wielkopolskiej, komendantka 91 Szczepu DHiGZ WELODROM, dru\u017cynowa 12 PDH Atom\u00f3wki. Prywatnie nauczyciel edukacji wczesnoszkolnej.<\/p>\n<p><strong>Cz\u0142onek komendy: phm. Maja Koz\u0142owska<\/strong><\/p>\n<p>Sk\u0142ad komendy wybrany na Zje\u017adzie hufca w grudniu 2023.<\/p>\n","protected":false},"excerpt":{"rendered":"<p>Komendant Hufca: phm. Maciej Nowak Zast\u0119pca Komendanta ds. finans\u00f3w: pwd. Cyprian Krawiec Zast\u0119pca Komendanta: phm. Agnieszka Puzio Cz\u0142onek komendy:\u00a0phm. Kinga Zaj\u0105c W komendzie hufca od 2021 roku. Najlepiej czuje si\u0119 w dzia\u0142aniach zwi\u0105zanych z programem oraz kszta\u0142ceniem. Nale\u017cy do zespo\u0142u Certyfikacji HAL Chor\u0105gwi Wielkopolskiej, komendantka 91 Szczepu DHiGZ WELODROM, dru\u017cynowa 12 PDH Atom\u00f3wki. Prywatnie nauczyciel [&hellip;]<\/p>\n","protected":false},"author":1,"featured_media":0,"parent":0,"menu_order":0,"comment_status":"closed","ping_status":"closed","template":"","meta":[],"_links":{"self":[{"href":"http:\/\/www.grunwald.zhp.wlkp.pl\/index.php?rest_route=\/wp\/v2\/pages\/1897"}],"collection":[{"href":"http:\/\/www.grunwald.zhp.wlkp.pl\/index.php?rest_route=\/wp\/v2\/pages"}],"about":[{"href":"http:\/\/www.grunwald.zhp.wlkp.pl\/index.php?rest_route=\/wp\/v2\/types\/page"}],"author":[{"embeddable":true,"href":"http:\/\/www.grunwald.zhp.wlkp.pl\/index.php?rest_route=\/wp\/v2\/users\/1"}],"replies":[{"embeddable":true,"href":"http:\/\/www.grunwald.zhp.wlkp.pl\/index.php?rest_route=%2Fwp%2Fv2%2Fcomments&post=1897"}],"version-history":[{"count":9,"href":"http:\/\/www.grunwald.zhp.wlkp.pl\/index.php?rest_route=\/wp\/v2\/pages\/1897\/revisions"}],"predecessor-version":[{"id":2149,"href":"http:\/\/www.grunwald.zhp.wlkp.pl\/index.php?rest_route=\/wp\/v2\/pages\/1897\/revisions\/2149"}],"wp:attachment":[{"href":"http:\/\/www.grunwald.zhp.wlkp.pl\/index.php?rest_route=%2Fwp%2Fv2%2Fmedia&parent=1897"}],"curies":[{"name":"wp","href":"https:\/\/api.w.org\/{rel}","templated":true}]}}